{"id":377,"date":"2024-04-01T22:12:00","date_gmt":"2024-04-01T20:12:00","guid":{"rendered":"https:\/\/salestrategy.consulting\/?page_id=377"},"modified":"2024-05-10T21:52:44","modified_gmt":"2024-05-10T19:52:44","slug":"mi-metodologia","status":"publish","type":"page","link":"https:\/\/salestrategy.consulting\/index.php\/mi-metodologia\/","title":{"rendered":"MI METODOLOG\u00cdA"},"content":{"rendered":"[vc_row full_width=&#8221;stretch_row_content_no_spaces&#8221; el_id=&#8221;whyus&#8221;][vc_column][vc_empty_space][vc_separator color=&#8221;custom&#8221; border_width=&#8221;2&#8243; el_width=&#8221;70&#8243; accent_color=&#8221;#f2c300&#8243;][vc_custom_heading text=&#8221;\u00bfC\u00d3MO TRABAJAREMOS JUNTOS?&#8221; font_container=&#8221;tag:h1|font_size:35|text_align:center|color:%23f2c300&#8243; google_fonts=&#8221;font_family:Montserrat%3Aregular%2C700|font_style:700%20bold%20regular%3A700%3Anormal&#8221; css_animation=&#8221;slideInLeft&#8221; css=&#8221;.vc_custom_1709156017845{padding-right: 30px !important;padding-left: 30px !important;}&#8221;][vc_empty_space height=&#8221;20&#8243;][\/vc_column][\/vc_row][vc_row css=&#8221;.vc_custom_1710888345787{margin-right: 30px !important;margin-left: 30px !important;padding-right: 30px !important;padding-left: 30px !important;}&#8221;][vc_column width=&#8221;1\/3&#8243;]<div class=\"aio-icon-component    style_1\"><div id=\"Info-box-wrap-8833\" class=\"aio-icon-box default-icon\" style=\"\"  ><div class=\"aio-icon-default\"><div class=\"ult-just-icon-wrapper  \"><div class=\"align-icon\" style=\"text-align:center;\">\n<div class=\"aio-icon-img \" style=\"font-size:52px;display:inline-block;\" >\n\t<img decoding=\"async\" class=\"img-icon\" alt=\"null\" src=\"https:\/\/salestrategy.consulting\/wp-content\/uploads\/2024\/02\/evaluacion.png\"\/>\n<\/div><\/div><\/div><\/div><div class=\"aio-icon-header\" ><h3 class=\"aio-icon-title ult-responsive\"  data-ultimate-target='#Info-box-wrap-8833 .aio-icon-title'  data-responsive-json-new='{\"font-size\":\"desktop:30px;mobile_landscape:25px;mobile:25px;\",\"line-height\":\"\"}'  style=\"\">ANALIZAMOS C\u00d3MO VENDEMOS<\/h3><\/div> <!-- header --><div class=\"aio-icon-description ult-responsive\"  data-ultimate-target='#Info-box-wrap-8833 .aio-icon-description'  data-responsive-json-new='{\"font-size\":\"\",\"line-height\":\"\"}'  style=\"\">\n<ul>\n<li>Donde todo el mundo realiza un simulacro de venta de sus productos o servicios<\/li>\n<li>Ejercicio pr\u00e1ctico jugando al cliente\/vendedor<\/li>\n<li>Donde valoraremos habilidades, actitudes, conocimiento de producto o servicio\u2026<\/li>\n<\/ul>\n<\/div> <!-- description --><\/div> <!-- aio-icon-box --><\/div> <!-- aio-icon-component -->[\/vc_column][vc_column width=&#8221;1\/3&#8243;]<div class=\"aio-icon-component    style_1\"><div id=\"Info-box-wrap-5276\" class=\"aio-icon-box default-icon\" style=\"\"  ><div class=\"aio-icon-default\"><div class=\"ult-just-icon-wrapper  \"><div class=\"align-icon\" style=\"text-align:center;\">\n<div class=\"aio-icon-img \" style=\"font-size:52px;display:inline-block;\" >\n\t<img decoding=\"async\" class=\"img-icon\" alt=\"null\" src=\"https:\/\/salestrategy.consulting\/wp-content\/uploads\/2024\/02\/objetivo.png\"\/>\n<\/div><\/div><\/div><\/div><div class=\"aio-icon-header\" ><h3 class=\"aio-icon-title ult-responsive\"  data-ultimate-target='#Info-box-wrap-5276 .aio-icon-title'  data-responsive-json-new='{\"font-size\":\"desktop:30px;mobile_landscape:25px;mobile:25px;\",\"line-height\":\"\"}'  style=\"\">ALINEAMOS LOS OBJETIVOS<\/h3><\/div> <!-- header --><div class=\"aio-icon-description ult-responsive\"  data-ultimate-target='#Info-box-wrap-5276 .aio-icon-description'  data-responsive-json-new='{\"font-size\":\"\",\"line-height\":\"\"}'  style=\"\">\n<ul>\n<li>EMPRESA: Misi\u00f3n, Visi\u00f3n y Valores.<\/li>\n<li>VENDEDOR:\u00a0Qu\u00e9 ofrezco, a qui\u00e9n me dirijo y qu\u00e9 quiero que digan de mi.<\/li>\n<li>CLIENTE: Satisfacci\u00f3n y experiencia del cliente.<\/li>\n<\/ul>\n<\/div> <!-- description --><\/div> <!-- aio-icon-box --><\/div> <!-- aio-icon-component -->[\/vc_column][vc_column width=&#8221;1\/3&#8243;]<div class=\"aio-icon-component    style_1\"><div id=\"Info-box-wrap-6731\" class=\"aio-icon-box default-icon\" style=\"\"  ><div class=\"aio-icon-default\"><div class=\"ult-just-icon-wrapper  \"><div class=\"align-icon\" style=\"text-align:center;\">\n<div class=\"aio-icon-img \" style=\"font-size:52px;display:inline-block;\" >\n\t<img decoding=\"async\" class=\"img-icon\" alt=\"null\" src=\"https:\/\/salestrategy.consulting\/wp-content\/uploads\/2024\/02\/ventas.png\"\/>\n<\/div><\/div><\/div><\/div><div class=\"aio-icon-header\" ><h3 class=\"aio-icon-title ult-responsive\"  data-ultimate-target='#Info-box-wrap-6731 .aio-icon-title'  data-responsive-json-new='{\"font-size\":\"desktop:30px;mobile_landscape:25px;mobile:25px;\",\"line-height\":\"\"}'  style=\"\">BUSCAMOS INCREMENTAR VENTAS<\/h3><\/div> <!-- header --><div class=\"aio-icon-description ult-responsive\"  data-ultimate-target='#Info-box-wrap-6731 .aio-icon-description'  data-responsive-json-new='{\"font-size\":\"\",\"line-height\":\"\"}'  style=\"\">\n<ul>\n<li>Generar confianza en lo que eres y en lo que vendes.<\/li>\n<li>Etapas de una venta.<\/li>\n<li>Construcci\u00f3n argumentario de ventas.<\/li>\n<\/ul>\n<\/div> <!-- description --><\/div> <!-- aio-icon-box --><\/div> <!-- aio-icon-component -->[\/vc_column][\/vc_row][vc_row][vc_column][vc_btn title=&#8221;CONTACTO&#8221; color=&#8221;peacoc&#8221; size=&#8221;lg&#8221; align=&#8221;center&#8221; button_block=&#8221;true&#8221; link=&#8221;url:https%3A%2F%2Fsalestrategy.consulting%2Findex.php%2Fcontacto%2F|title:CONTACTO&#8221;][vc_btn title=&#8221;VOLVER AL INICIO&#8221; color=&#8221;warning&#8221; size=&#8221;lg&#8221; align=&#8221;center&#8221; button_block=&#8221;true&#8221; link=&#8221;url:https%3A%2F%2Fsalestrategy.consulting%2F|title:CONTACTO&#8221;][\/vc_column][\/vc_row]\n","protected":false},"excerpt":{"rendered":"[vc_row full_width=&#8221;stretch_row_content_no_spaces&#8221; el_id=&#8221;whyus&#8221;][vc_column][vc_empty_space][vc_separator color=&#8221;custom&#8221; border_width=&#8221;2&#8243; el_width=&#8221;70&#8243; accent_color=&#8221;#f2c300&#8243;][vc_custom_heading text=&#8221;\u00bfC\u00d3MO TRABAJAREMOS JUNTOS?&#8221; font_container=&#8221;tag:h1|font_size:35|text_align:center|color:%23f2c300&#8243; google_fonts=&#8221;font_family:Montserrat%3Aregular%2C700|font_style:700%20bold%20regular%3A700%3Anormal&#8221; css_animation=&#8221;slideInLeft&#8221; css=&#8221;.vc_custom_1709156017845{padding-right: 30px !important;padding-left: 30px !important;}&#8221;][vc_empty_space height=&#8221;20&#8243;][\/vc_column][\/vc_row][vc_row css=&#8221;.vc_custom_1710888345787{margin-right: 30px !important;margin-left: 30px !important;padding-right: 30px !important;padding-left: 30px !important;}&#8221;][vc_column width=&#8221;1\/3&#8243;][\/vc_column][vc_column width=&#8221;1\/3&#8243;][\/vc_column][vc_column width=&#8221;1\/3&#8243;][\/vc_column][\/vc_row][vc_row][vc_column][vc_btn title=&#8221;CONTACTO&#8221; color=&#8221;peacoc&#8221; size=&#8221;lg&#8221; align=&#8221;center&#8221; button_block=&#8221;true&#8221; link=&#8221;url:https%3A%2F%2Fsalestrategy.consulting%2Findex.php%2Fcontacto%2F|title:CONTACTO&#8221;][vc_btn title=&#8221;VOLVER AL INICIO&#8221; color=&#8221;warning&#8221; size=&#8221;lg&#8221; align=&#8221;center&#8221; button_block=&#8221;true&#8221; link=&#8221;url:https%3A%2F%2Fsalestrategy.consulting%2F|title:CONTACTO&#8221;][\/vc_column][\/vc_row]\n","protected":false},"author":1,"featured_media":0,"parent":0,"menu_order":0,"comment_status":"closed","ping_status":"closed","template":"","meta":{"footnotes":""},"class_list":["post-377","page","type-page","status-publish","hentry"],"yoast_head":"<!-- This site is optimized with the Yoast SEO plugin v27.3 - https:\/\/yoast.com\/product\/yoast-seo-wordpress\/ -->\n<title>MI METODOLOG\u00cdA - Sale Strategy<\/title>\n<meta name=\"robots\" content=\"index, follow, max-snippet:-1, max-image-preview:large, max-video-preview:-1\" \/>\n<link rel=\"canonical\" href=\"https:\/\/salestrategy.consulting\/index.php\/mi-metodologia\/\" \/>\n<meta property=\"og:locale\" content=\"en_US\" \/>\n<meta property=\"og:type\" content=\"article\" \/>\n<meta property=\"og:title\" content=\"MI METODOLOG\u00cdA - Sale Strategy\" \/>\n<meta property=\"og:description\" content=\"[vc_row full_width=&#8221;stretch_row_content_no_spaces&#8221; el_id=&#8221;whyus&#8221;][vc_column][vc_empty_space][vc_separator color=&#8221;custom&#8221; border_width=&#8221;2&#8243; el_width=&#8221;70&#8243; accent_color=&#8221;#f2c300&#8243;][vc_custom_heading text=&#8221;\u00bfC\u00d3MO TRABAJAREMOS JUNTOS?&#8221; font_container=&#8221;tag:h1|font_size:35|text_align:center|color:%23f2c300&#8243; google_fonts=&#8221;font_family:Montserrat%3Aregular%2C700|font_style:700%20bold%20regular%3A700%3Anormal&#8221; css_animation=&#8221;slideInLeft&#8221; css=&#8221;.vc_custom_1709156017845{padding-right: 30px !important;padding-left: 30px !important;}&#8221;][vc_empty_space height=&#8221;20&#8243;][\/vc_column][\/vc_row][vc_row css=&#8221;.vc_custom_1710888345787{margin-right: 30px !important;margin-left: 30px !important;padding-right: 30px !important;padding-left: 30px !important;}&#8221;][vc_column width=&#8221;1\/3&#8243;][\/vc_column][vc_column width=&#8221;1\/3&#8243;][\/vc_column][vc_column width=&#8221;1\/3&#8243;][\/vc_column][\/vc_row][vc_row][vc_column][vc_btn title=&#8221;CONTACTO&#8221; color=&#8221;peacoc&#8221; size=&#8221;lg&#8221; align=&#8221;center&#8221; button_block=&#8221;true&#8221; link=&#8221;url:https%3A%2F%2Fsalestrategy.consulting%2Findex.php%2Fcontacto%2F|title:CONTACTO&#8221;][vc_btn title=&#8221;VOLVER AL INICIO&#8221; color=&#8221;warning&#8221; size=&#8221;lg&#8221; align=&#8221;center&#8221; button_block=&#8221;true&#8221; link=&#8221;url:https%3A%2F%2Fsalestrategy.consulting%2F|title:CONTACTO&#8221;][\/vc_column][\/vc_row]\" \/>\n<meta property=\"og:url\" content=\"https:\/\/salestrategy.consulting\/index.php\/mi-metodologia\/\" \/>\n<meta property=\"og:site_name\" content=\"Sale Strategy\" \/>\n<meta property=\"article:publisher\" content=\"https:\/\/facebook.com\/salestrategy.inspirando\" \/>\n<meta property=\"article:modified_time\" content=\"2024-05-10T19:52:44+00:00\" \/>\n<meta name=\"twitter:card\" content=\"summary_large_image\" \/>\n<meta name=\"twitter:label1\" content=\"Est. reading time\" \/>\n\t<meta name=\"twitter:data1\" content=\"1 minute\" \/>\n<script type=\"application\/ld+json\" class=\"yoast-schema-graph\">{\"@context\":\"https:\\\/\\\/schema.org\",\"@graph\":[{\"@type\":\"WebPage\",\"@id\":\"https:\\\/\\\/salestrategy.consulting\\\/index.php\\\/mi-metodologia\\\/\",\"url\":\"https:\\\/\\\/salestrategy.consulting\\\/index.php\\\/mi-metodologia\\\/\",\"name\":\"MI METODOLOG\u00cdA - Sale Strategy\",\"isPartOf\":{\"@id\":\"https:\\\/\\\/salestrategy.consulting\\\/#website\"},\"datePublished\":\"2024-04-01T20:12:00+00:00\",\"dateModified\":\"2024-05-10T19:52:44+00:00\",\"breadcrumb\":{\"@id\":\"https:\\\/\\\/salestrategy.consulting\\\/index.php\\\/mi-metodologia\\\/#breadcrumb\"},\"inLanguage\":\"en-US\",\"potentialAction\":[{\"@type\":\"ReadAction\",\"target\":[\"https:\\\/\\\/salestrategy.consulting\\\/index.php\\\/mi-metodologia\\\/\"]}]},{\"@type\":\"BreadcrumbList\",\"@id\":\"https:\\\/\\\/salestrategy.consulting\\\/index.php\\\/mi-metodologia\\\/#breadcrumb\",\"itemListElement\":[{\"@type\":\"ListItem\",\"position\":1,\"name\":\"Portada\",\"item\":\"https:\\\/\\\/salestrategy.consulting\\\/\"},{\"@type\":\"ListItem\",\"position\":2,\"name\":\"MI METODOLOG\u00cdA\"}]},{\"@type\":\"WebSite\",\"@id\":\"https:\\\/\\\/salestrategy.consulting\\\/#website\",\"url\":\"https:\\\/\\\/salestrategy.consulting\\\/\",\"name\":\"sale strategy\",\"description\":\"Inspirando en espa\u00f1ol\",\"publisher\":{\"@id\":\"https:\\\/\\\/salestrategy.consulting\\\/#organization\"},\"potentialAction\":[{\"@type\":\"SearchAction\",\"target\":{\"@type\":\"EntryPoint\",\"urlTemplate\":\"https:\\\/\\\/salestrategy.consulting\\\/?s={search_term_string}\"},\"query-input\":{\"@type\":\"PropertyValueSpecification\",\"valueRequired\":true,\"valueName\":\"search_term_string\"}}],\"inLanguage\":\"en-US\"},{\"@type\":\"Organization\",\"@id\":\"https:\\\/\\\/salestrategy.consulting\\\/#organization\",\"name\":\"sale strategy\",\"url\":\"https:\\\/\\\/salestrategy.consulting\\\/\",\"logo\":{\"@type\":\"ImageObject\",\"inLanguage\":\"en-US\",\"@id\":\"https:\\\/\\\/salestrategy.consulting\\\/#\\\/schema\\\/logo\\\/image\\\/\",\"url\":\"https:\\\/\\\/salestrategy.consulting\\\/wp-content\\\/uploads\\\/2023\\\/12\\\/customcolor_logo_customcolor_background.png\",\"contentUrl\":\"https:\\\/\\\/salestrategy.consulting\\\/wp-content\\\/uploads\\\/2023\\\/12\\\/customcolor_logo_customcolor_background.png\",\"width\":1000,\"height\":1000,\"caption\":\"sale strategy\"},\"image\":{\"@id\":\"https:\\\/\\\/salestrategy.consulting\\\/#\\\/schema\\\/logo\\\/image\\\/\"},\"sameAs\":[\"https:\\\/\\\/facebook.com\\\/salestrategy.inspirando\",\"https:\\\/\\\/www.linkedin.com\\\/company\\\/salestrategyconsulting\\\/\"]}]}<\/script>\n<!-- \/ Yoast SEO plugin. -->","yoast_head_json":{"title":"MI METODOLOG\u00cdA - Sale Strategy","robots":{"index":"index","follow":"follow","max-snippet":"max-snippet:-1","max-image-preview":"max-image-preview:large","max-video-preview":"max-video-preview:-1"},"canonical":"https:\/\/salestrategy.consulting\/index.php\/mi-metodologia\/","og_locale":"en_US","og_type":"article","og_title":"MI METODOLOG\u00cdA - Sale Strategy","og_description":"[vc_row full_width=&#8221;stretch_row_content_no_spaces&#8221; el_id=&#8221;whyus&#8221;][vc_column][vc_empty_space][vc_separator color=&#8221;custom&#8221; border_width=&#8221;2&#8243; el_width=&#8221;70&#8243; accent_color=&#8221;#f2c300&#8243;][vc_custom_heading text=&#8221;\u00bfC\u00d3MO TRABAJAREMOS JUNTOS?&#8221; font_container=&#8221;tag:h1|font_size:35|text_align:center|color:%23f2c300&#8243; google_fonts=&#8221;font_family:Montserrat%3Aregular%2C700|font_style:700%20bold%20regular%3A700%3Anormal&#8221; css_animation=&#8221;slideInLeft&#8221; css=&#8221;.vc_custom_1709156017845{padding-right: 30px !important;padding-left: 30px !important;}&#8221;][vc_empty_space height=&#8221;20&#8243;][\/vc_column][\/vc_row][vc_row css=&#8221;.vc_custom_1710888345787{margin-right: 30px !important;margin-left: 30px !important;padding-right: 30px !important;padding-left: 30px !important;}&#8221;][vc_column width=&#8221;1\/3&#8243;][\/vc_column][vc_column width=&#8221;1\/3&#8243;][\/vc_column][vc_column width=&#8221;1\/3&#8243;][\/vc_column][\/vc_row][vc_row][vc_column][vc_btn title=&#8221;CONTACTO&#8221; color=&#8221;peacoc&#8221; size=&#8221;lg&#8221; align=&#8221;center&#8221; button_block=&#8221;true&#8221; link=&#8221;url:https%3A%2F%2Fsalestrategy.consulting%2Findex.php%2Fcontacto%2F|title:CONTACTO&#8221;][vc_btn title=&#8221;VOLVER AL INICIO&#8221; color=&#8221;warning&#8221; size=&#8221;lg&#8221; align=&#8221;center&#8221; button_block=&#8221;true&#8221; link=&#8221;url:https%3A%2F%2Fsalestrategy.consulting%2F|title:CONTACTO&#8221;][\/vc_column][\/vc_row]","og_url":"https:\/\/salestrategy.consulting\/index.php\/mi-metodologia\/","og_site_name":"Sale Strategy","article_publisher":"https:\/\/facebook.com\/salestrategy.inspirando","article_modified_time":"2024-05-10T19:52:44+00:00","twitter_card":"summary_large_image","twitter_misc":{"Est. reading time":"1 minute"},"schema":{"@context":"https:\/\/schema.org","@graph":[{"@type":"WebPage","@id":"https:\/\/salestrategy.consulting\/index.php\/mi-metodologia\/","url":"https:\/\/salestrategy.consulting\/index.php\/mi-metodologia\/","name":"MI METODOLOG\u00cdA - Sale Strategy","isPartOf":{"@id":"https:\/\/salestrategy.consulting\/#website"},"datePublished":"2024-04-01T20:12:00+00:00","dateModified":"2024-05-10T19:52:44+00:00","breadcrumb":{"@id":"https:\/\/salestrategy.consulting\/index.php\/mi-metodologia\/#breadcrumb"},"inLanguage":"en-US","potentialAction":[{"@type":"ReadAction","target":["https:\/\/salestrategy.consulting\/index.php\/mi-metodologia\/"]}]},{"@type":"BreadcrumbList","@id":"https:\/\/salestrategy.consulting\/index.php\/mi-metodologia\/#breadcrumb","itemListElement":[{"@type":"ListItem","position":1,"name":"Portada","item":"https:\/\/salestrategy.consulting\/"},{"@type":"ListItem","position":2,"name":"MI METODOLOG\u00cdA"}]},{"@type":"WebSite","@id":"https:\/\/salestrategy.consulting\/#website","url":"https:\/\/salestrategy.consulting\/","name":"sale strategy","description":"Inspirando en espa\u00f1ol","publisher":{"@id":"https:\/\/salestrategy.consulting\/#organization"},"potentialAction":[{"@type":"SearchAction","target":{"@type":"EntryPoint","urlTemplate":"https:\/\/salestrategy.consulting\/?s={search_term_string}"},"query-input":{"@type":"PropertyValueSpecification","valueRequired":true,"valueName":"search_term_string"}}],"inLanguage":"en-US"},{"@type":"Organization","@id":"https:\/\/salestrategy.consulting\/#organization","name":"sale strategy","url":"https:\/\/salestrategy.consulting\/","logo":{"@type":"ImageObject","inLanguage":"en-US","@id":"https:\/\/salestrategy.consulting\/#\/schema\/logo\/image\/","url":"https:\/\/salestrategy.consulting\/wp-content\/uploads\/2023\/12\/customcolor_logo_customcolor_background.png","contentUrl":"https:\/\/salestrategy.consulting\/wp-content\/uploads\/2023\/12\/customcolor_logo_customcolor_background.png","width":1000,"height":1000,"caption":"sale strategy"},"image":{"@id":"https:\/\/salestrategy.consulting\/#\/schema\/logo\/image\/"},"sameAs":["https:\/\/facebook.com\/salestrategy.inspirando","https:\/\/www.linkedin.com\/company\/salestrategyconsulting\/"]}]}},"_links":{"self":[{"href":"https:\/\/salestrategy.consulting\/index.php\/wp-json\/wp\/v2\/pages\/377","targetHints":{"allow":["GET"]}}],"collection":[{"href":"https:\/\/salestrategy.consulting\/index.php\/wp-json\/wp\/v2\/pages"}],"about":[{"href":"https:\/\/salestrategy.consulting\/index.php\/wp-json\/wp\/v2\/types\/page"}],"author":[{"embeddable":true,"href":"https:\/\/salestrategy.consulting\/index.php\/wp-json\/wp\/v2\/users\/1"}],"replies":[{"embeddable":true,"href":"https:\/\/salestrategy.consulting\/index.php\/wp-json\/wp\/v2\/comments?post=377"}],"version-history":[{"count":5,"href":"https:\/\/salestrategy.consulting\/index.php\/wp-json\/wp\/v2\/pages\/377\/revisions"}],"predecessor-version":[{"id":543,"href":"https:\/\/salestrategy.consulting\/index.php\/wp-json\/wp\/v2\/pages\/377\/revisions\/543"}],"wp:attachment":[{"href":"https:\/\/salestrategy.consulting\/index.php\/wp-json\/wp\/v2\/media?parent=377"}],"curies":[{"name":"wp","href":"https:\/\/api.w.org\/{rel}","templated":true}]}}